 463517 a composite number?
True
Is 6366391 a composite number?
False
Is 191752487 a composite number?
True
Is 2296313 a prime number?
False
Is 41341523 a composite number?
False
Is 189296551 a prime number?
False
Is 8920297 a prime number?
False
Is 99876463 composite?
False
Is 4611263 a prime number?
False
Is 11451065 a composite number?
True
Is 9788978 prime?
False
Is 12445859 composite?
False
Is 47525117 a prime number?
False
Is 387889171 composite?
False
Is 12853721 composite?
False
Is 9145387 a composite number?
True
Is 7495798 a prime number?
False
Is 2116003 a composite number?
True
Is 560541637 prime?
True
Is 693739 composite?
False
Is 15354646 prime?
False
Is 4411483 prime?
False
Is 5058023 a prime number?
True
Is 18131747 a prime number?
True
Is 9345067 composite?
False
Is 1392505367 a prime number?
False
Is 374983 a prime number?
False
Is 194528735 a prime number?
False
Is 1405397 a composite number?
True
Is 152150135 a composite number?
True
Is 54362491 a prime number?
True
Is 46184953 a prime number?
False
Is 207103607 composite?
True
Is 158799971 prime?
False
Is 90575021 composite?
False
Is 132889 a composite number?
True
Is 12914366 a prime number?
False
Is 4141331 prime?
True
Is 19864765 composite?
True
Is 851693 a prime number?
False
Is 5099597 a prime number?
True
Is 481866971 a prime number?
True
Is 482301211 a composite number?
True
Is 13897771 prime?
False
Is 40871 a prime number?
False
Is 720065 a composite number?
True
Is 485191 prime?
False
Is 363069341 prime?
True
Is 1107317 composite?
False
Is 19133549 composite?
False
Is 824533 a composite number?
True
Is 1949321849 prime?
True
Is 3407743 a prime number?
True
Is 215276069 a prime number?
True
Is 2339197 prime?
False
Is 77049559 prime?
False
Is 2499551 a prime number?
True
Is 14162741 prime?
False
Is 173691563 composite?
False
Is 47068279 prime?
False
Is 3863107 a composite number?
False
Is 5350147 composite?
True
Is 462469867 a composite number?
True
Is 31566053 prime?
False
Is 61769729 a composite number?
True
Is 12319721 composite?
True
Is 815495969 a composite number?
False
Is 493658219 prime?
False
Is 1396441927 a composite number?
False
Is 183014569 prime?
False
Is 202348199 composite?
False
Is 9993701 a composite number?
False
Is 81234841 a composite number?
True
Is 1864548617 a composite number?
False
Is 76476307 prime?
True
Is 107784553 prime?
False
Is 1504598365 composite?
True
Is 126395399 a prime number?
False
Is 52130227 a composite number?
True
Is 1050754 composite?
True
Is 26441801 a prime number?
True
Is 585107 composite?
False
Is 51086281 a prime number?
False
Is 46049 composite?
False
Is 5480087 a composite number?
True
Is 53777473 composite?
True
Is 104011 a composite number?
True
Is 7871431 prime?
False
Is 44029603 a prime number?
False
Is 674287751 a prime number?
False
Is 76738769 a prime number?
False
Is 115679 a prime number?
True
Is 167613697 a composite number?
False
Is 1544831 a prime number?
True
Is 10402411 a prime number?
True
Is 664786 a prime number?
False
Is 68726797 a prime number?
False
Is 196750181 composite?
True
Is 90239581 a composite number?
False
Is 6946157 a composite number?
False
Is 18645491 a prime number?
False
Is 79363841 a composite number?
False
Is 4786447 a composite number?
False
Is 9730543 prime?
False
Is 28668173 prime?
True
Is 129665377 prime?
True
Is 8015713 composite?
True
Is 20568151 prime?
True
Is 5775895 composite?
True
Is 1493676257 composite?
False
Is 46765093 composite?
False
Is 15420127 a composite number?
True
Is 4996223 composite?
False
Is 420291083 a prime number?
True
Is 9954671 a composite number?
True
Is 48311209 a composite number?
False
Is 15537191 a composite number?
True
Is 188747927 a prime number?
True
Is 6148707 a prime number?
False
Is 1386037 composite?
False
Is 5627849 a composite number?
False
Is 88611751 composite?
False
Is 23503127 a prime number?
False
Is 59277773 prime?
True
Is 97282523 a composite number?
True
Is 2616359 a prime number?
True
Is 637027177 prime?
True
Is 61586419 a prime number?
False
Is 21675359 a prime number?
True
Is 15327713 a prime number?
True
Is 272766766 prime?
False
Is 23909843 a prime number?
True
Is 17813401 composite?
True
Is 4243153 a composite number?
True
Is 252192295 prime?
False
Is 10088087 a composite number?
True
Is 1297927 a prime number?
True
Is 10663901 a composite number?
False
Is 443957597 composite?
False
Is 7948733 prime?
False
Is 544337219 a composite number?
False
Is 72283481 composite?
False
Is 3309337 a prime number?
False
Is 14063791 prime?
False
Is 1685234 a prime number?
False
Is 109063411 prime?
False
Is 46626763 a composite number?
False
Is 13278899 a composite number?
False
Is 25625513 prime?
True
Is 1580545 a prime number?
False
Is 48740383 a prime number?
True
Is 13303861 a prime number?
True
Is 2093699 prime?
True
Is 14240949 prime?
False
Is 239919727 a composite number?
False
Is 11977321 composite?
False
Is 10155929 a prime number?
False
Is 317978093 a prime number?
True
Is 63284929 composite?
True
Is 9622093 a composite number?
True
Is 1033661 a composite number?
False
Is 13746281 a prime number?
True
Is 1828901 composite?
False
Is 52295701 a prime number?
True
Is 340000891 prime?
True
Is 12854021 composite?
False
Is 55672361 a composite number?
False
Is 4635011 a composite number?
False
Is 12697609 composite?
False
Is 1025327 prime?
True
Is 76032659 a prime number?
True
Is 12952897 composite?
True
Is 5544163 prime?
True
Is 131033999 prime?
True
Is 195049429 composite?
True
Is 740917 prime?
False
Is 3406583 prime?
False
Is 1256041 a prime number?
True
Is 3171853 a prime number?
True
Is 1726237 a prime number?
True
Is 15059879 a prime number?
True
Is 4341527 composite?
False
Is 1207429 prime?
True
Is 23455217 a prime number?
True
Is 3296489 prime?
False
Is 347887 prime?
True
Is 278798393 prime?
False
Is 4245061 composite?
True
Is 12651059 a composite number?
False
Is 1168777 prime?
False
Is 21075923 composite?
True
Is 939817627 composite?
True
Is 175769563 a composite number?
False
Is 258869 composite?
True
Is 129764627 prime?
True
Is 2347019 composite?
True
Is 512749 a prime number?
False
Is 1621273 composite?
True
Is 404139377 prime?
False
Is 733414863 prime?
False
Is 450113 a prime number?
True
Is 14121473 a composite number?
True
Is 887105567 a composite number?
False
Is 1094999 prime?
True
Is 21749753 a prime number?
False
Is 61511213 prime?
True
Is 9097241 a composite number?
True
Is 112452881 a composite number?
False
Is 21116687 a prime number?
True
Is 3731127 composite?
True
Is 18820253 a prime number?
True
Is 7396519 composite?
True
Is 637501 a prime number?
False
Is 202840639 a composite number?
False
Is 136910369 a prime number?
True
Is 21897569 a prime number?
True
Is 517774 a prime number?
False
Is 489157 composite?
False
Is 66401063 prime?
True
Is 541847 a prime number?
False
Is 68286899 composite?
False
Is 35236003 a prime number?
False
Is 1561111 composite?
False
Is 231943 prime?
True
Is 913853 composite?
False
Is 11202553 a composite number?
True
Is 8057747 prime?
True
Is 8577509 composite?
True
Is 4281810535 composite?
True
Is 364375751 composite?
False
Is 209315 a composite number?
True
Is 1658329 a prime number?
False
Is 697817 prime?
False
Is 878513 a composite number?
False
Is 26223517 a prime number?
False
Is 7670137 prime?
False
Is 5000381 a prime number?
True
Is 150229543 prime?
True
Is 118940257 composite?
False
Is 11458751 prime?
True
Is 273401 a composite number?
True
Is 11516977 a prime number?
False
Is 135085057 prime?
False
Is 173610797 a prime number?
True
Is 384053 composite?
True
Is 14960977 composite?
False
Is 14949629 a prime number?
True
Is 1605059 composite?
True
Is 20850853 a composite number?
False
Is 14524099 prime?
False
Is 179805121 a composite number?
False
Is 4602011 a prime number?
True
Is 150677 prime?
False
Is 1290067 prime?
False
Is 45431363 a prime number?
True
Is 38403007 a prime number?
True
Is 310005257 composite?
False
Is 635970409 a prime number?
False
Is 9183827 a composite number?
False
Is 700795 a prime number?
False
Is 169577921 prime?
True
Is 5141297 a composite number?
True
Is 130662781 a prime number?
True
Is 4288234 a prime number?
False
Is 154459343 a composite 